 divided by 3607.
3598
Calculate the remainder when 107534773 is divided by 859.
858
Calculate the remainder when 2431762 is divided by 188.
170
What is the remainder when 8572306 is divided by 275?
6
Calculate the remainder when 155917 is divided by 77892.
133
Calculate the remainder when 3870663 is divided by 3729.
3690
What is the remainder when 48026 is divided by 300?
26
Calculate the remainder when 46964 is divided by 829.
540
What is the remainder when 1336259 is divided by 51?
8
What is the remainder when 617935478 is divided by 2837?
2834
What is the remainder when 6407978 is divided by 9?
5
Calculate the remainder when 160206 is divided by 1055.
901
What is the remainder when 699091 is divided by 51?
34
Calculate the remainder when 12183269 is divided by 1001.
98
Calculate the remainder when 179148311 is divided by 84.
83
Calculate the remainder when 196396 is divided by 229.
143
What is the remainder when 783431 is divided by 391695?
41
Calculate the remainder when 19321306 is divided by 6440426.
28
What is the remainder when 412341 is divided by 155?
41
Calculate the remainder when 569875 is divided by 288.
211
Calculate the remainder when 265194 is divided by 224.
202
What is the remainder when 7551046 is divided by 118?
108
What is the remainder when 2924949 is divided by 731206?
125
What is the remainder when 3383780 is divided by 175?
155
What is the remainder when 2252840 is divided by 187?
51
What is the remainder when 1405747 is divided by 1766?
11
Calculate the remainder when 216244072 is divided by 27.
19
Calculate the remainder when 2374777 is divided by 1211.
6
What is the remainder when 1553187 is divided by 1551468?
1719
Calculate the remainder when 3499580 is divided by 9357.
62
What is the remainder when 171603 is divided by 2830?
1803
Calculate the remainder when 655581 is divided by 5853.
45
What is the remainder when 676493 is divided by 30?
23
Calculate the remainder when 1780328 is divided by 50866.
18
Calculate the remainder when 5642455 is divided by 133.
63
Calculate the remainder when 12329547 is divided by 216307.
48
Calculate the remainder when 837227 is divided by 14949.
83
Calculate the remainder when 24071763 is divided by 16080.
3
Calculate the remainder when 760875 is divided by 469.
157
Calculate the remainder when 286977 is divided by 6114.
5733
What is the remainder when 31247 is divided by 2856?
2687
What is the remainder when 7119021 is divided by 44?
41
Calculate the remainder when 5578561 is divided by 344.
257
What is the remainder when 300954 is divided by 102?
54
What is the remainder when 446061 is divided by 702?
291
What is the remainder when 889345 is divided by 2695?
2690
Calculate the remainder when 222045 is divided by 427.
5
Calculate the remainder when 51264538 is divided by 30406.
22
Calculate the remainder when 51875 is divided by 3441.
260
Calculate the remainder when 1191166 is divided by 397054.
4
Calculate the remainder when 280293 is divided by 93431.
0
What is the remainder when 512894 is divided by 694?
28
What is the remainder when 29957147 is divided by 342?
341
What is the remainder when 43497 is divided by 43333?
164
Calculate the remainder when 21234 is divided by 3862.
1924
What is the remainder when 243174 is divided by 15979?
3489
Calculate the remainder when 39584614 is divided by 462.
454
What is the remainder when 39273926 is divided by 382?
124
Calculate the remainder when 52390505 is divided by 17.
7
What is the remainder when 70781437 is divided by 45636?
1
What is the remainder when 152801 is divided by 50921?
38
What is the remainder when 3735864 is divided by 1602?
0
What is the remainder when 22461054 is divided by 74?
56
What is the remainder when 8855055 is divided by 1280?
15
What is the remainder when 153313 is divided by 56?
41
What is the remainder when 50801 is divided by 16286?
1943
What is the remainder when 3658929 is divided by 516?
489
Calculate the remainder when 3124619 is divided by 752.
59
Calculate the remainder when 11832666 is divided by 3728.
3722
What is the remainder when 5849840 is divided by 3?
2
What is the remainder when 953832 is divided by 2478?
2280
What is the remainder when 1452521 is divided by 830?
21
Calculate the remainder when 948024 is divided by 8.
0
Calculate the remainder when 10212335 is divided by 5106129.
77
Calculate the remainder when 2807823 is divided by 3927.
18
Calculate the remainder when 89176 is divided by 87386.
1790
What is the remainder when 19845854 is divided by 2309?
2308
Calculate the remainder when 45453 is divided by 828.
741
Calculate the remainder when 599696 is divided by 457.
112
What is the remainder when 56100 is divided by 979?
297
Calculate the remainder when 630921 is divided by 157442.
1153
Calculate the remainder when 53189 is divided by 2542.
2349
Calculate the remainder when 58554 is divided by 19441.
231
What is the remainder when 30447763 is divided by 897?
892
What is the remainder when 248247 is divided by 684?
639
Calculate the remainder when 72038107 is divided by 72.
19
Calculate the remainder when 2571682 is divided by 37.
34
What is the remainder when 1593484 is divided by 478?
310
What is the remainder when 75875846 is divided by 690?
686
Calculate the remainder when 277256 is divided by 82.
14
What is the remainder when 34576 is divided by 33193?
1383
Calculate the remainder when 10193990 is divided by 223.
214
Calculate the remainder when 871503 is divided by 30.
3
What is the remainder when 139097 is divided by 23168?
89
Calculate the remainder when 3741549 is divided by 2102.
2091
What is the remainder when 192641487 is divided by 96320733?
21
What is the remainder when 20485370 is divided by 753?
5
What is the remainder when 69151 is divided by 13828?
11
Calculate the remainder when 2371585 is divided by 20987.
54
What is the remainder when 1177775 is divided by 10905?
35
Calculate the remainder when 33692091 is divided by 6086.
6081
What is the remainder when 43747 is divided by 6212?
263
What is the remainder when 97661071 is divided by 21431?
4
Calculate the remainder when 5457683 is divided by 41035.
28
What is the remainder when 4645999 is divided by 8717?
8555
What is the remainder when 340826 is divided by 1557?
1400
Calculate the remainder when 356478 is divided by 1620.
78
Calculate the remainder when 1110651 is divided by 535.
526
What is the remainder when 5912382 is divided by 7409?
0
What is the remainder when 22383 is divided by 1223?
369
Calculate the remainder when 7329631 is divided by 13.
10
What is the remainder when 1273333 is divided by 524?
13
What is the remainder when 249230 is divided by 2046?
1664
Calculate the remainder when 2368595 is divided by 3080.
75
What is the remainder when 7348783 is divided by 94215?
13
What is the remainder when 200445 is divided by 200287?
158
What is the remainder when 930685 is divided by 54744?
37
Calculate the remainder when 352603 is divided by 1407.
853
What is the remainder when 17769 is divided by 2165?
449
What is the remainder when 532351 is divided by 135?
46
Calculate the remainder when 82595 is divided by 27461.
212
Calculate the remainder when 24996815 is divided by 49.
4
What is the remainder when 1683469 is divided by 561145?
34
Calculate the remainder when 4159096 is divided by 214.
6
What is the remainder when 97364 is divided by 1281?
8
What is the remainder when 251019 is divided by 321?
318
What is the remainder when 3600055 is divided by 2757?
2170
What is the remainder when 7332025 is divided by 1562?
1559
What is the remainder when 32060721 is divided by 266?
7
What is the remainder when 993958 is divided by 1481?
207
What is the remainder when 1003394 is divided by 59019?
71
What is the remainder when 144560 is divided by 467?
257
What is the remainder when 996037 is divided by 401?
354
What is the remainder when 527051 is divided by 153?
119
Calculate the remainder when 324732 is divided by 1626.
1158
Calculate the remainder when 91434134 is divided by 3611.
3
Calculate the remainder when 1573756 is divided by 847.
30
What is the remainder when 14552551 is divided by 463?
461
What is the remainder when 46420 is divided by 213?
199
What is the remainder when 19154807 is divided by 13?